{"id":110,"date":"2013-05-20T22:32:08","date_gmt":"2013-05-20T21:32:08","guid":{"rendered":"http:\/\/saketmassage.se\/?page_id=110"},"modified":"2026-01-12T23:03:25","modified_gmt":"2026-01-12T22:03:25","slug":"forsaljning","status":"publish","type":"page","link":"https:\/\/saketmassage.se\/?page_id=110","title":{"rendered":"F\u00f6rs\u00e4ljning"},"content":{"rendered":"<h2>Just nu tar vi helst betalt med Swish, men det g\u00e5r \u00e4ven att betala kontant eller med kort. Tyv\u00e4rr g\u00e5r det f\u00f6r n\u00e4rvarande inte att betala med Epassi eller Benify\/Benifex.<\/h2>\n<h2>Har du en k\u00e4r v\u00e4n, som har &#8221;allt&#8221;?<\/h2>\n<h2><strong><span style=\"color: #000080;\">&#8211; K\u00f6p ett <a href=\"https:\/\/saketmassage.se\/?page_id=431\">presentkort!<\/a><\/span><\/strong><\/h2>\n<h2><strong>Ring 072-2140505 eller skicka SMS f\u00f6r att boka tid, eller boka p\u00e5 Facebook!<br \/>\n<\/strong><\/h2>\n<h2><strong>OBS! Betala inte i f\u00f6rv\u00e4g via Epassi-appen, betala i samband med behandlingen!<\/strong><\/h2>\n","protected":false},"excerpt":{"rendered":"<p>Just nu tar vi helst betalt med Swish, men det g\u00e5r \u00e4ven att betala kontant eller med kort. Tyv\u00e4rr g\u00e5r det f\u00f6r n\u00e4rvarande inte att betala med Epassi eller Benify\/Benifex. Har du en k\u00e4r v\u00e4n, som har &#8221;allt&#8221;? &#8211; K\u00f6p &hellip; <a href=\"https:\/\/saketmassage.se\/?page_id=110\">Forts\u00e4tt l\u00e4sa <span class=\"meta-nav\">&rarr;<\/span><\/a><\/p>\n","protected":false},"author":1,"featured_media":0,"parent":0,"menu_order":0,"comment_status":"closed","ping_status":"open","template":"","meta":{"footnotes":""},"class_list":["post-110","page","type-page","status-publish","hentry"],"_links":{"self":[{"href":"https:\/\/saketmassage.se\/index.php?rest_route=\/wp\/v2\/pages\/110","targetHints":{"allow":["GET"]}}],"collection":[{"href":"https:\/\/saketmassage.se\/index.php?rest_route=\/wp\/v2\/pages"}],"about":[{"href":"https:\/\/saketmassage.se\/index.php?rest_route=\/wp\/v2\/types\/page"}],"author":[{"embeddable":true,"href":"https:\/\/saketmassage.se\/index.php?rest_route=\/wp\/v2\/users\/1"}],"replies":[{"embeddable":true,"href":"https:\/\/saketmassage.se\/index.php?rest_route=%2Fwp%2Fv2%2Fcomments&post=110"}],"version-history":[{"count":20,"href":"https:\/\/saketmassage.se\/index.php?rest_route=\/wp\/v2\/pages\/110\/revisions"}],"predecessor-version":[{"id":530,"href":"https:\/\/saketmassage.se\/index.php?rest_route=\/wp\/v2\/pages\/110\/revisions\/530"}],"wp:attachment":[{"href":"https:\/\/saketmassage.se\/index.php?rest_route=%2Fwp%2Fv2%2Fmedia&parent=110"}],"curies":[{"name":"wp","href":"https:\/\/api.w.org\/{rel}","templated":true}]}}